9 + y. What is the hundreds digit of l?
4
Let t(r) = 66*r**2 + 11*r + 5. Suppose -13*u + 13 = -26. What is the units digit of t(u)?
2
Let q(v) = v**2 - v. Let s be q(2). Let n(c) = c**3 + 10*c**2 - 2*c - 97. Let z be n(-9). What is the units digit of 45*(z - (-24)/20 - s)?
4
What is the tens digit of -3*49374/(-27)*(1 + (-3)/(-2))?
1
Let r = -5 - 25. Let b be -8*3/(r/25). Suppose -s + b = -55. What is the tens digit of s?
7
Let k(s) = 3*s + 37. Suppose -3*o - 11 = 2*p + 5, 10 = 5*o. Let v be p/2 - (-1)/2. What is the tens digit of k(v)?
2
Let d(o) = -2064*o + 1083. What is the hundreds digit of d(-6)?
4
Let f = 224 + -390. Let u = f - -103. Let k = u + 146. What is the units digit of k?
3
Let v be 4938/(-13) + 378/78 + -5. Let w = 445 + v. What is the units digit of w?
5
Let q = -192 + 195. Suppose g - 495 = -5*a + 40, -2*g - q*a = -1070. What is the units digit of g?
5
Suppose 6*x - 8*x + 3*v = 82, -50 = x + 3*v. Let l = 135 + x. What is the tens digit of l?
9
Suppose -5*p = -3*g - 0*p + 1, 9 = 2*g + 5*p. Let k(j) = 88*j - 32. What is the units digit of k(g)?
4
Let w(x) = -17*x + 61. Suppose 4*y + 29 = 29. Suppose -4*n + 6*n + 14 = y. What is the units digit of w(n)?
0
Let w(l) = -3*l**2 + 15*l + 12. Let i be (50/(-15))/((-2)/3). Let v be w(i). Suppose v*k - 14*k = -186. What is the tens digit of k?
9
Let v be (9/12)/(76/(-16) + 5). Let s(i) = i**2 - 3*i - 2. Let a be s(4). Suppose -2*h + v*h = -5*f + 160, -4*f - a*h + 128 = 0. What is the tens digit of f?
3
Let m(h) = -8482*h - 12532. What is the ten thousands digit of m(-9)?
6
Let z be 20/11 - (-94)/517. Suppose 16*h = 12*h + 5*c + 1085, 5*c - 565 = -z*h. What is the tens digit of h?
7
Suppose -104818 = -11*o + 4*s, 0 = -o - 7*s + 5*s + 9510. What is the tens digit of o?
2
Let b be ((-1833)/(-39))/((-2)/238). What is the tens digit of -2*(b/14 - -6)?
8
Suppose 33*v + 30 = 43*v. Suppose -z + 983 = -2*x, 6*x = v*z + 5*x - 2934. What is the hundreds digit of z?
9
Let t(m) = -m**2 - m + 26. Let k be t(-5). Suppose k = 2*n - 18. What is the tens digit of n?
1
Suppose 2*j - 32 - 5 = -3*w, -16 = 4*j. Suppose y = 6*y - w. Suppose -31 + 127 = y*k. What is the units digit of k?
2
Let v = 170 - 200. What is the tens digit of (-1)/6 - 9905/v?
3
Let f = 94 + -27. Let j = 587 + f. What is the tens digit of j?
5
Let y(n) = 75*n**2 + 16*n + 30. Let h(p) = -71*p**2 - 17*p - 31. Let b(t) = -4*h(t) - 3*y(t). What is the tens digit of b(-2)?
3
Suppose -3*h - 8 = -4*h + 3*l, 14 = -5*h - 3*l. What is the hundreds digit of (h - 25/(-15)) + 4879/21?
2
What is the units digit of (-1 - -5)*(18897/20 - (-8)/20)?
1
Let u(h) = -11*h + 164. Suppose 4*q - 42 = -122. What is the hundreds digit of u(q)?
3
Let n be (0 + (2 - 9))*(-24)/28. Suppose -5*m + 15 = -5*p, -5*p + 0*p = 0. Suppose -5*w + 113 = m*a - n, -w = -a + 53. What is the tens digit of a?
4
Let b be (-36)/90 - 197/(-5). Suppose b = -5*z + 59. What is the units digit of ((-5)/z)/(3 + 296/(-96))?
5
Suppose 0 = 2*d - 3*k - 783, -5*d + 4*k - 3*k = -1938. Suppose -2*g + d = -321. Suppose -2*q = -4*u + g, -5*q + q = 20. What is the tens digit of u?
8
Suppose 2*t - 2*q = 1010, 0*t - 5*t + 2525 = 4*q. Let y be 5*14/10 - 330. Let s = y + t. What is the hundreds digit of s?
1
Let s be (7 - -17)/(-6*2/(-6)). Suppose -3625 = -5*a - 3*t, a - s*t = -11*t + 725. What is the tens digit of a?
2
Let k = -74 - -71. What is the hundreds digit of -2*k/(-2) - (-340 - 5)?
3
What is the thousands digit of 8/24*-68793*-1?
2
Let p(v) = 1150*v**3 + 57*v**2 - 112*v - 2. What is the tens digit of p(2)?
0
Let z(w) = -43*w**3 + 17*w**2 + 65*w - 8. What is the units digit of z(-8)?
6
Let w(i) = 104*i**2 + 14*i - 46. Let u be w(3). Let n = u + -322. What is the units digit of n?
0
Let x be ((2 - 3)*-5)/(-1). What is the tens digit of -11 - x - (3 - 868)?
5
Suppose -7*d + 24 - 10 = 0. Suppose d*a + 10 = 4*w + 4*a, -5*w = 2*a - 14. Suppose -w*j = -2*l + 80, 3*j - 95 = -2*l + 2*j. What is the units digit of l?
6
Let w(l) = 842*l - 295. Let h be w(9). Suppose -5*p = 2*o - 2909, h = 5*o - 2*p + 4*p. What is the hundreds digit of o?
4
Suppose 0 = -2*i - 5*y + 35984, 4*y = -17 + 1. What is the ten thousands digit of i?
1
Let w be (-6)/(-14) - (40816/28)/4. Let c = w - -522. What is the units digit of c?
8
What is the hundreds digit of (806/(-93) + 18)/(((-2)/(-3654))/1)?
0
Let n = 827 + -189. Suppose -m - n = -y + 2*m, 0 = -2*m - 8. What is the units digit of y?
6
Let r(p) = p + 2. Let f be r(7). Suppose -78 = -4*i - f*i. Suppose 0 = i*h + 11 - 83. What is the units digit of h?
2
Let k = 990 + 9862. What is the thousands digit of k?
0
Let x(a) = 15*a**2 - 140*a - 1727. What is the units digit of x(-45)?
8
Let a = 84 + -71. Let p be 9744/39 - (-2)/a. Let s = p + -143. What is the hundreds digit of s?
1
Suppose 0*a - 2*a - 107 = -k, 5*k = -25. Let z = a + 44. What is the tens digit of (294/z)/(1/(-4))?
9
Suppose 29*p - 27*p - 23534 = -2*c, -5*c - 47023 = -4*p. What is the units digit of p?
2
Let s(n) = 42*n**2 - 21*n - 83. Let f(z) = 3*z + 18. Let t be f(-8). What is the units digit of s(t)?
5
Let w(u) = 2*u**3 - 3*u**2 - 3*u + 4. Let o be w(-2). Let h(a) = 2*a**2 + 19*a - 31. Let d be h(o). Let b = d + -182. What is the units digit of b?
3
Let q be 6/(-63)*-732 - (-2)/7. Let d = -69 + q. What is the units digit of (-4*d)/((-18)/495)?
0
Let c = -181 - -189. What is the units digit of (-4348)/(-10) - c/10?
4
Let t be 0 - (1/(-7) - (-39)/(-21)). Suppose -2*l + 206 = 2*a, 4*l - t*a = 3*l + 109. What is the units digit of l?
5
Let o = 35 + -59. Let z be (184/o + 7)/(2/(-1182)). Suppose 366 = 4*a - z. What is the tens digit of a?
9
Suppose 8*v = -32*v - 284944 + 1362384. What is the hundreds digit of v?
9
Suppose -4*c + 106 = 2*f, 0 = 3*f - 4*f + 3*c + 33. Let m = 47 - f. Suppose 2*q = 3*u + 291, -u - 714 = -5*q + m*u. What is the tens digit of q?
4
Let q(s) = s**3 - 18*s**2 + 16*s + 26. Let h be q(17). Let m(p) = 13*p**2 - 19*p + 115. What is the tens digit of m(h)?
9
Let m = -21232 + 39056. What is the hundreds digit of m?
8
Suppose -408 = -t - 3*r, 2*r - 15 = -r. Let i = t - -631. What is the units digit of i?
4
Suppose -5*z + z - 6528 = -4*f, -5*f = -3*z - 8166. Suppose -5*r = 4*h - f, 2*r + 1094 = 2*h + 272. What is the hundreds digit of h?
4
Let u(z) = 1873*z + 512. What is the tens digit of u(18)?
2
Let v = -34 - -74. Suppose -37*z + v*z = 393. What is the units digit of z?
1
Let y(g) = 12*g**2 + 11*g + 26. Let p(x) = 124*x**2 + 9*x - 123*x**2 - 9 + 25. Let w be p(-5). What is the tens digit of y(w)?
7
Suppose -3*n = -15738 - 5871. What is the thousands digit of n?
7
Suppose -32 = -l - 3*l. Suppose -2*x - 5*f + 30 = 0, -x + 3*f = -2*f + 15. Suppose -l*v = -x*v - 798. What is the units digit of v?
6
Suppose 19*z - 16 = -16. Suppose z = -588*c + 590*c - 864. What is the tens digit of c?
3
Suppose -f = -138*t + 141*t - 5749, f - 5739 = -t. What is the tens digit of f?
3
Let f = 121 + -31. Let s be (-2)/9 + 17030/f. Suppose -m - 2*x = -33, -2*x - s = -0*m - 5*m. What is the tens digit of m?
3
Let u = 51 - 31. Let g be 6/8 - (-6105)/u. Let c = g + -175. What is the units digit of c?
1
Let v(p) = 1509*p - 2632. What is the ten thousands digit of v(52)?
7
Suppose 273*h = 280*h + 51433 - 168095. What is the units digit of h?
6
Suppose 39*m = 92*m - 677287. What is the units digit of m?
9
Suppose -2 = -o - 3. Let i be (o - 218)/(54/(-36)). Let j = i + -76. What is the tens digit of j?
7
Suppose 4*p - 57742 = -q, -3*q = -171*p + 166*p - 173362. What is the hundreds digit of q?
7
Let z(j) = -2*j**3 - 93*j**2 + 45*j - 4. Let l be z(-47). Let t = l + 416. What is the units digit of t?
6
Let q(m) = 115*m - 69. Let n(o) = 56*o - 34. Let i(j) = 5*n(j) - 3*q(j). What is the thousands digit of i(-18)?
1
Let w(g) = 2*g**3 - 2*g**2 - 3*g + 1. Let n be w(3). Suppose n = -q + 28. Suppose q = -2*i + 3*z + 207, i + 4*z = 2*z + 86. What is the units digit of i?
6
Suppose 0 = 2*p - 4*x + 26, -4*x + 7*x = -4*p + 3. What is the hundreds digit of (9 - (-5 + 11))*(114 - p)?
3
Let f(m) = 4*m**2 - 35*m + 1485. What is the units digit of f(53)?
6
Let j be 4 + 3*(-5)/30*902. Let z = j - -711. What is the hundreds digit of z?
2
Let c = -1 - -14. Let j = 17 - c. Let q(l) = -l**3 + 5*l**2 + 9*l - 7. What is the units digit of q(j)?